{"id":16,"date":"2019-07-14T20:23:05","date_gmt":"2019-07-14T20:23:05","guid":{"rendered":"http:\/\/psv-birkenhof-neuhausen.de\/?page_id=16"},"modified":"2019-07-14T20:32:27","modified_gmt":"2019-07-14T20:32:27","slug":"verein","status":"publish","type":"page","link":"https:\/\/psv-birkenhof-neuhausen.de\/?page_id=16","title":{"rendered":"Verein"},"content":{"rendered":"\n<p><strong>Bei uns ist jeder herzlich willkommen, egal ob Turnier-, Freizeit-, Dressur-, Spring- oder Vielseitigkeitsreiter.<\/strong><br> Das Beitrittsformular erhalten Sie direkt vor Ort bei unseren Vorst\u00e4nden.<\/p>\n\n\n\n<p>Pflichtarbeitsstunden fallen keine an. Wir freuen uns aber nat\u00fcrlich \u00fcber jede helfende Hand oder jeden gebackenen Kuchen. <\/p>\n\n\n\n<p>Ausgef\u00fcllte Formulare k\u00f6nnen beim der Vorstand abgegeben, in den Vereinsbriefkasten im Stall eingeworfen oder uns zugesendet werden:<br><\/p>\n\n\n\n<p> PSV Birkenhof Neuhausen e.V.<br>Birkenhof<br>75242 Neuhausen<br>psv.birkenhof.neuhausen@gmail.com<\/p>\n","protected":false},"excerpt":{"rendered":"<p>Bei uns ist jeder herzlich willkommen, egal ob Turnier-, Freizeit-, Dressur-, Spring- oder Vielseitigkeitsreiter. Das Beitrittsformular erhalten Sie direkt vor Ort bei unseren Vorst\u00e4nden. Pflichtarbeitsstunden fallen keine an. Wir freuen uns aber nat\u00fcrlich \u00fcber jede helfende Hand oder jeden gebackenen Kuchen. Ausgef\u00fcllte Formulare k\u00f6nnen beim der Vorstand abgegeben, in den Vereinsbriefkasten im Stall eingeworfen oder &hellip; <\/p>\n<p class=\"link-more\"><a href=\"https:\/\/psv-birkenhof-neuhausen.de\/?page_id=16\" class=\"more-link\"><span class=\"screen-reader-text\">\u201eVerein\u201c<\/span> weiterlesen<\/a><\/p>\n","protected":false},"author":1,"featured_media":0,"parent":0,"menu_order":0,"comment_status":"closed","ping_status":"closed","template":"","meta":{"footnotes":""},"_links":{"self":[{"href":"https:\/\/psv-birkenhof-neuhausen.de\/index.php?rest_route=\/wp\/v2\/pages\/16"}],"collection":[{"href":"https:\/\/psv-birkenhof-neuhausen.de\/index.php?rest_route=\/wp\/v2\/pages"}],"about":[{"href":"https:\/\/psv-birkenhof-neuhausen.de\/index.php?rest_route=\/wp\/v2\/types\/page"}],"author":[{"embeddable":true,"href":"https:\/\/psv-birkenhof-neuhausen.de\/index.php?rest_route=\/wp\/v2\/users\/1"}],"replies":[{"embeddable":true,"href":"https:\/\/psv-birkenhof-neuhausen.de\/index.php?rest_route=%2Fwp%2Fv2%2Fcomments&post=16"}],"version-history":[{"count":2,"href":"https:\/\/psv-birkenhof-neuhausen.de\/index.php?rest_route=\/wp\/v2\/pages\/16\/revisions"}],"predecessor-version":[{"id":36,"href":"https:\/\/psv-birkenhof-neuhausen.de\/index.php?rest_route=\/wp\/v2\/pages\/16\/revisions\/36"}],"wp:attachment":[{"href":"https:\/\/psv-birkenhof-neuhausen.de\/index.php?rest_route=%2Fwp%2Fv2%2Fmedia&parent=16"}],"curies":[{"name":"wp","href":"https:\/\/api.w.org\/{rel}","templated":true}]}}